+ 74. What is the highest common divisor of l and 171?
19
Let y(k) = 2*k**3 + 42*k**2 + 14. Let r be y(-14). Calculate the highest common factor of r and 14.
14
Suppose 4*x - 2*x = -5*o + 68, -4*x = 3*o - 38. Let w = -10 + o. Suppose 5*i - 6 = -2*v, -w*v = -2*i - 3*i - 42. What is the highest common factor of v and 4?
4
Suppose 12*a + 0*a - 324 = 0. Suppose -45 = -4*u + 63. Calculate the highest common factor of a and u.
27
Let v be 228/(-4)*((-25)/15 + -1). Calculate the highest common factor of v and 19.
19
Suppose 87 + 8 = -5*s. Let o = s - -25. What is the greatest common divisor of o and 48?
6
Let s(k) = 21*k + 274. Let b be s(-12). Calculate the greatest common factor of b and 275.
11
Let j be -24*((-3)/(-2))/3. Let h be (8/j + 0)*-6. Suppose -h*v + 460 = -80. Calculate the greatest common factor of v and 15.
15
Let w = 299 - 209. Let z = 1 - -1. Suppose 5*f - 5*d = 60, -2*f - 4*d = -z*d - 16. What is the greatest common factor of w and f?
10
Let w(u) = u**3 + 7*u**2 + 3*u - 8. Let k be w(-6). Suppose 3*a - 2 = a. Let x be (50/1)/(a - -1). Calculate the highest common factor of x and k.
5
Let j = 1 - -5. Let n = -97 + 112. What is the greatest common factor of n and j?
3
Let z(g) = -3*g - 8. Let b be z(-8). Suppose -k - 9 = -169. Suppose k = 7*p - 3*p. What is the highest common factor of p and b?
8
Suppose 405 + 375 = 26*j. Calculate the greatest common divisor of 42 and j.
6
Suppose 29 = -3*x - 22. Let v(q) = q**2 - 3*q - 25. Let j be v(-6). Let w = x + j. Calculate the highest common divisor of 96 and w.
12
Suppose -2*o + 37 + 3 = 0. Suppose o = -7*v + 8*v. Calculate the highest common divisor of v and 10.
10
Let h be 602/(7/1) - 6. Calculate the greatest common factor of h and 40.
40
Let l be (-3)/((-36)/(-15) + -3). Suppose 0 = l*r - 2*t - 0*t - 190, 4*r - 4*t = 164. Let o = r - 22. What is the highest common divisor of 14 and o?
14
Let y(d) = 2*d - 6. Let w be y(5). Let l be 20/(-16) + 65/w. Calculate the highest common factor of 75 and l.
15
Let r = 22 + -22. Suppose u + 4*d - 16 = 0, r = u - 0*d - 2*d - 28. What is the highest common divisor of 264 and u?
24
Suppose w = 5*x - 26 - 134, 91 = 2*x + 5*w. Let b = x - -55. Calculate the greatest common divisor of 8 and b.
8
Suppose -309 = -19*w + 109. Suppose k - 4*k + 2*f + 534 = 0, 3*k - 519 = -3*f. Calculate the highest common divisor of w and k.
22
Suppose 29370 = -83*y + 116*y. What is the highest common factor of 20 and y?
10
Suppose 0 = -22*p + 26*p - 812. Calculate the highest common factor of 58 and p.
29
Suppose 9 + 5 = 2*n. Suppose n = -2*o + 3. Let y = o + 6. What is the greatest common factor of y and 16?
4
Let u be 2/3*(-4 + 1). Let x(d) = -d. Let r be x(u). Suppose r*n + 108 = 4*n. Calculate the greatest common factor of 18 and n.
18
Suppose -3*g - 13 + 1 = 0. Let h be 3 + -1 + g/(-2). Suppose 0*c - h*c + 36 = 0. What is the highest common factor of 72 and c?
9
Suppose -3*l - 4 = -7, -2*l + 107 = q. Suppose 0*n + 450 = 5*n. Let j be ((-6)/(-9))/(4/n). What is the greatest common factor of q and j?
15
Let o = 28 + -38. Let f be -3*(-25)/6*-4. Let p = o - f. What is the greatest common divisor of 5 and p?
5
Let g = 1436 + 2777. What is the greatest common factor of g and 11?
11
Suppose 2*r = -128 + 310. Let q = r + 134. Calculate the highest common factor of q and 45.
45
Let w(r) = -r**2 + 24*r + 193. Let s be w(28). Calculate the highest common divisor of 18 and s.
9
Let m(i) = -i**3 + 6*i**2 + 10*i - 37. Let o be m(6). What is the greatest common divisor of o and 529?
23
Let d(m) = m**3 - 12*m**2 - 12*m - 8. Let f be d(13). Let i be 1/5 - (2 - 124/f). What is the highest common divisor of 184 and i?
23
Let m be 6474/16 + 24/64. What is the greatest common divisor of 15 and m?
15
Suppose -4*m - 2*n = n - 327, -5*n - 99 = -m. What is the highest common divisor of m and 868?
28
Let i(v) = -390 - v**2 + 58 + 0*v**2 + 0*v**3 - v**3. Let w be i(0). Let b = -150 - w. What is the highest common factor of 26 and b?
26
Let c = 0 + 8. Suppose -5*b + 6*b - 59 = -3*o, 0 = 4*b - 5*o - 185. Let s = 90 - b. Calculate the greatest common divisor of s and c.
8
Let i(c) be the third derivative of c**5/60 + c**4/24 - c**3/3 + 4*c**2. Let n be i(-7). What is the highest common factor of 8 and n?
8
Suppose 440 = 8*x - 3*x. Let z = 84 - 52. Suppose -7*w + 3*w = -z. Calculate the greatest common divisor of x and w.
8
Let p be ((-4)/(-2))/((-4)/(-10)). Suppose 3 = g, 5*q + 2 + 13 = p*g. Suppose 0*v - v + 21 = q. What is the greatest common factor of 168 and v?
21
Suppose f + 3*i = 3, -4*i + 29 = -3*f + 12. Let r be ((-60)/35)/(f/14). Calculate the highest common divisor of r and 88.
8
Let d(u) = u**3 - 12*u**2 - 37*u + 8. Let j be d(15). What is the highest common factor of j and 4?
4
Let p(x) = -177*x - 306. Let b be p(-3). What is the greatest common divisor of b and 50?
25
Suppose -13*u + 6 = -10*u. Let q = 61 - 56. What is the greatest common factor of q and u?
1
Let z be ((-880)/(-132))/((-4)/(-30)). What is the highest common divisor of 25 and z?
25
Let k(c) = c - 3. Let j be k(5). Suppose 21 = 3*a - 4*b - 32, 0 = -j*a - 5*b + 66. Let l = 115 - 46. What is the greatest common divisor of a and l?
23
Let v be 28/6*12*(-2)/(-16). What is the greatest common divisor of v and 63?
7
Let b(y) = y**2 - 12*y + 2. Let m be b(12). Let z(t) = 6*t - 4. Let h be z(m). Let i = h - 4. Calculate the highest common factor of 32 and i.
4
Suppose -6*s = -8*s + 36. Calculate the highest common divisor of 18 and s.
18
Let s(q) = -99*q - 1. Let u be s(-1). Let r be ((-6)/2 - -2) + 12 + 3. Calculate the greatest common divisor of u and r.
14
Let w be 18*((-245)/15)/(-7). What is the greatest common divisor of 56 and w?
14
Suppose 4*r - 4*t = 16, -3 = -4*r - 2*t + 7. Let p be 6/45 - 308/(-165). Calculate the greatest common factor of p and r.
1
Let w be 9*((-18)/4)/(69/(-184)). Let f be (-1)/(-3) - (-430)/6. Calculate the greatest common divisor of w and f.
36
Suppose -4*y = 2*r - 118, -y + 43 = 6*r - r. Suppose -3*p - 5*b + 131 = 0, -5*p + 200 = 2*b - 12. Calculate the greatest common divisor of y and p.
14
Let a be 7 - (2146/(-22) - (-12)/22). What is the highest common factor of a and 1612?
52
Let v(w) = 2*w - 18. Let z be v(13). Calculate the greatest common factor of 44 and z.
4
Let z = -1 - -6. Suppose 52 = z*n - 8. What is the greatest common divisor of 12 and n?
12
Let l(y) = y**3 + 13*y**2 + 11*y + 19. Let w be l(-12). Let p = w - -130. Calculate the highest common factor of p and 23.
23
Let h be 4344/(-56) - ((-22)/14 - -1). Let a be 28/6*(-2376)/h. Let d(s) = 4*s - 8. Let r be d(6). What is the highest common factor of a and r?
16
Let f = -897 - -1173. What is the highest common factor of 115 and f?
23
Suppose 0 = 4*s - 4, 0 = -2*k + s - 3 + 6. Suppose k*u + 13 + 51 = 0. Let c = u + 47. Calculate the highest common divisor of c and 10.
5
Suppose -c = 3*n - 238, 3*c - 241 = 5*n - 619. Let j = 73 - 21. What is the highest common divisor of n and j?
26
Let f be (-6)/21*(-2 + -5). Suppose 4*n = 2*a + 42, -f*n - 2*a + 33 = a. Suppose 2*u = -2*u, 60 = 2*x - 2*u. What is the greatest common factor of x and n?
6
Let g(x) = x**2 - 4*x. Let f be g(4). Suppose f = 6*j - 234 - 6. Calculate the greatest common divisor of j and 160.
40
Let f(w) = -8*w**2 + 76*w - 18. Let i be f(9). Calculate the greatest common divisor of i and 153.
9
Suppose 3*v - 4*r + 4 = 0, -4*v + 2*r + 12 = 4. Let s be 2 + (369/3 - v). Calculate the highest common divisor of 11 and s.
11
Let j(z) = -16*z - 20. Let x be j(-4). Let d = -26 + x. Calculate the greatest common divisor of d and 36.
18
Suppose 3*t = -5*b + 391, -b - 96 = t - 227. Suppose -5*x + 2*j - 4*j + 59 = 0, -j + 2 = 0. Let z = x + 1. Calculate the highest common factor of t and z.
12
Suppose -2*q = 2*q - 256. Let m be ((-3)/6)/((-4)/q). What is the greatest common factor of 2 and m?
2
Let y(w) = -w. Let a = -15 + 3. Let p be y(a). Suppose 5*x = 4*x + p. Calculate the highest common factor of x and 60.
12
Suppose 23*t - 16*t = 28. Suppose 4*l + m - 281 = t*m, 0 = -3*l - 2*m + 198. What is the greatest common factor of l and 17?
17
Let i(b) = b**2 - 13*b + 20. Let l be i(11). Let c be (7 - (-39)/(-6))/(l/(-320)). What is the greatest common factor of c and 20?
20
Let i = -20